{"id":1768,"date":"2021-03-31T11:38:55","date_gmt":"2021-03-31T11:38:55","guid":{"rendered":"https:\/\/macchina.vamtam.com\/?page_id=1768"},"modified":"2023-04-25T05:39:43","modified_gmt":"2023-04-25T05:39:43","slug":"home-2","status":"publish","type":"page","link":"https:\/\/rjmotors.lt\/","title":{"rendered":"Home 2"},"content":{"rendered":"\t\t<div data-elementor-type=\"wp-page\" data-elementor-id=\"1768\" class=\"elementor elementor-1768\">\n\t\t\t\t\t\t\t\t\t<section class=\"elementor-section elementor-top-section elementor-element elementor-element-a7bbacc elementor-section-height-min-height elementor-section-boxed elementor-section-height-default elementor-section-items-middle\" data-id=\"a7bbacc\" data-element_type=\"section\" data-settings=\"{&quot;background_background&quot;:&quot;classic&quot;}\">\n\t\t\t\t\t\t<div class=\"elementor-container elementor-column-gap-no\">\n\t\t\t\t\t<div class=\"elementor-column elementor-col-50 elementor-top-column elementor-element elementor-element-4d70495\" data-id=\"4d70495\" data-element_type=\"column\">\n\t\t\t<div class=\"elementor-widget-wrap elementor-element-populated\">\n\t\t\t\t\t\t\t\t<div class=\"elementor-element elementor-element-e78e401 elementor-invisible elementor-widget elementor-widget-heading\" data-id=\"e78e401\" data-element_type=\"widget\" data-settings=\"{&quot;_animation&quot;:&quot;fadeIn&quot;,&quot;_animation_tablet&quot;:&quot;none&quot;,&quot;_animation_mobile&quot;:&quot;none&quot;}\" data-widget_type=\"heading.default\">\n\t\t\t\t<div class=\"elementor-widget-container\">\n\t\t\t<style>\/*! elementor - v3.12.2 - 23-04-2023 *\/\n.elementor-heading-title{padding:0;margin:0;line-height:1}.elementor-widget-heading .elementor-heading-title[class*=elementor-size-]>a{color:inherit;font-size:inherit;line-height:inherit}.elementor-widget-heading .elementor-heading-title.elementor-size-small{font-size:15px}.elementor-widget-heading .elementor-heading-title.elementor-size-medium{font-size:19px}.elementor-widget-heading .elementor-heading-title.elementor-size-large{font-size:29px}.elementor-widget-heading .elementor-heading-title.elementor-size-xl{font-size:39px}.elementor-widget-heading .elementor-heading-title.elementor-size-xxl{font-size:59px}<\/style><h1 class=\"elementor-heading-title elementor-size-default\">J\u016bs\u0173 automobilis mums - svarbiausias prioritetas!\n<\/h1>\t\t<\/div>\n\t\t\t\t<\/div>\n\t\t\t\t\t<\/div>\n\t\t<\/div>\n\t\t\t\t<div class=\"elementor-column elementor-col-50 elementor-top-column elementor-element elementor-element-6944628 elementor-hidden-phone\" data-id=\"6944628\" data-element_type=\"column\">\n\t\t\t<div class=\"elementor-widget-wrap\">\n\t\t\t\t\t\t\t\t\t<\/div>\n\t\t<\/div>\n\t\t\t\t\t\t\t<\/div>\n\t\t<\/section>\n\t\t\t\t<section class=\"elementor-section elementor-top-section elementor-element elementor-element-20951c2 elementor-section-boxed elementor-section-height-default elementor-section-height-default\" data-id=\"20951c2\" data-element_type=\"section\">\n\t\t\t\t\t\t<div class=\"elementor-container elementor-column-gap-no\">\n\t\t\t\t\t<div class=\"elementor-column elementor-col-100 elementor-top-column elementor-element elementor-element-80a6d1f\" data-id=\"80a6d1f\" data-element_type=\"column\">\n\t\t\t<div class=\"elementor-widget-wrap elementor-element-populated\">\n\t\t\t\t\t\t\t\t<div class=\"elementor-element elementor-element-8ba55e5 elementor-widget elementor-widget-heading\" data-id=\"8ba55e5\" data-element_type=\"widget\" data-settings=\"{&quot;_animation&quot;:&quot;none&quot;,&quot;_animation_tablet&quot;:&quot;none&quot;,&quot;_animation_mobile&quot;:&quot;none&quot;,&quot;_animation_delay&quot;:200}\" data-widget_type=\"heading.default\">\n\t\t\t\t<div class=\"elementor-widget-container\">\n\t\t\t<h2 class=\"elementor-heading-title elementor-size-default\">Mes suprantame, kaip svarbu rasti tinkam\u0105 automobili\u0173 servis\u0105.\n<\/h2>\t\t<\/div>\n\t\t\t\t<\/div>\n\t\t\t\t<div class=\"elementor-element elementor-element-831b591 elementor-widget elementor-widget-text-editor\" data-id=\"831b591\" data-element_type=\"widget\" data-settings=\"{&quot;_animation&quot;:&quot;none&quot;,&quot;_animation_tablet&quot;:&quot;none&quot;,&quot;_animation_mobile&quot;:&quot;none&quot;,&quot;_animation_delay&quot;:200}\" data-widget_type=\"text-editor.default\">\n\t\t\t\t<div class=\"elementor-widget-container\">\n\t\t\t<style>\/*! elementor - v3.12.2 - 23-04-2023 *\/\n.elementor-widget-text-editor.elementor-drop-cap-view-stacked .elementor-drop-cap{background-color:#69727d;color:#fff}.elementor-widget-text-editor.elementor-drop-cap-view-framed .elementor-drop-cap{color:#69727d;border:3px solid;background-color:transparent}.elementor-widget-text-editor:not(.elementor-drop-cap-view-default) .elementor-drop-cap{margin-top:8px}.elementor-widget-text-editor:not(.elementor-drop-cap-view-default) .elementor-drop-cap-letter{width:1em;height:1em}.elementor-widget-text-editor .elementor-drop-cap{float:left;text-align:center;line-height:1;font-size:50px}.elementor-widget-text-editor .elementor-drop-cap-letter{display:inline-block}<\/style>\t\t\t\t<p>Remontuojant ir pri\u017ei\u016brint automobil\u012f, da\u017enai i\u0161kyla dideli\u0173 i\u0161laid\u0173, ir niekas nenori mok\u0117ti u\u017e klaidas, padarytas d\u0117l prastos remonto kokyb\u0117s. Pasirinkdami m\u016bs\u0173 autoservis\u0105, galite b\u016bti tikri, kad m\u016bs\u0173 personalas sudarytas i\u0161 specialist\u0173, kurie visapusi\u0161kai r\u016bpinsis j\u016bs\u0173 automobilio prie\u017ei\u016bra ir remontu, kad jis visada b\u016bt\u0173 saugus ir patikimas.<\/p>\t\t\t\t\t\t<\/div>\n\t\t\t\t<\/div>\n\t\t\t\t\t<\/div>\n\t\t<\/div>\n\t\t\t\t\t\t\t<\/div>\n\t\t<\/section>\n\t\t\t\t<section class=\"elementor-section elementor-top-section elementor-element elementor-element-059230d elementor-section-boxed elementor-section-height-default elementor-section-height-default\" data-id=\"059230d\" data-element_type=\"section\">\n\t\t\t\t\t\t<div class=\"elementor-container elementor-column-gap-no\">\n\t\t\t\t\t<div class=\"elementor-column elementor-col-100 elementor-top-column elementor-element elementor-element-8cc85c3\" data-id=\"8cc85c3\" data-element_type=\"column\">\n\t\t\t<div class=\"elementor-widget-wrap elementor-element-populated\">\n\t\t\t\t\t\t\t\t<div class=\"elementor-element elementor-element-2ee44d4 elementor-invisible elementor-widget elementor-widget-heading\" data-id=\"2ee44d4\" data-element_type=\"widget\" data-settings=\"{&quot;_animation&quot;:&quot;fadeInUp&quot;,&quot;_animation_tablet&quot;:&quot;none&quot;,&quot;_animation_mobile&quot;:&quot;none&quot;}\" data-widget_type=\"heading.default\">\n\t\t\t\t<div class=\"elementor-widget-container\">\n\t\t\t<h2 class=\"elementor-heading-title elementor-size-default\">M\u016bs\u0173 paslaugos<\/h2>\t\t<\/div>\n\t\t\t\t<\/div>\n\t\t\t\t\t<\/div>\n\t\t<\/div>\n\t\t\t\t\t\t\t<\/div>\n\t\t<\/section>\n\t\t\t\t<section class=\"elementor-section elementor-top-section elementor-element elementor-element-b2cdd15 elementor-section-boxed elementor-section-height-default elementor-section-height-default\" data-id=\"b2cdd15\" data-element_type=\"section\">\n\t\t\t\t\t\t<div class=\"elementor-container elementor-column-gap-no\">\n\t\t\t\t\t<div class=\"elementor-column elementor-col-33 elementor-top-column elementor-element elementor-element-da601c2\" data-id=\"da601c2\" data-element_type=\"column\" data-settings=\"{&quot;animation&quot;:&quot;none&quot;,&quot;animation_tablet&quot;:&quot;none&quot;,&quot;animation_mobile&quot;:&quot;none&quot;,&quot;animation_delay&quot;:200}\">\n\t\t\t<div class=\"elementor-widget-wrap elementor-element-populated\">\n\t\t\t\t\t\t\t\t<div class=\"elementor-element elementor-element-10ebb99 elementor-align-justify elementor-mobile-align-justify elementor-widget elementor-widget-button\" data-id=\"10ebb99\" data-element_type=\"widget\" data-settings=\"{&quot;_animation&quot;:&quot;none&quot;}\" data-widget_type=\"button.default\">\n\t\t\t\t<div class=\"elementor-widget-container\">\n\t\t\t\t\t<div class=\"elementor-button-wrapper\">\n\t\t\t<a class=\"elementor-button elementor-size-md\" role=\"button\">\n\t\t\t\t\t\t<span class=\"elementor-button-content-wrapper\">\n\t\t\t\t\t\t\t<span class=\"elementor-button-icon elementor-align-icon-right\">\n\t\t\t\t<i aria-hidden=\"true\" class=\"vamtamtheme- vamtam-theme-arrow-left\"><\/i>\t\t\t<\/span>\n\t\t\t\t\t\t<span class=\"elementor-button-text\">Tepal\u0173 keitimas<\/span>\n\t\t<\/span>\n\t\t\t\t\t<\/a>\n\t\t<\/div>\n\t\t\t\t<\/div>\n\t\t\t\t<\/div>\n\t\t\t\t<div class=\"vamtam-has-theme-widget-styles elementor-element elementor-element-876349b elementor-hidden-phone elementor-widget elementor-widget-image\" data-id=\"876349b\" data-element_type=\"widget\" data-widget_type=\"image.default\">\n\t\t\t\t<div class=\"elementor-widget-container\">\n\t\t\t<style>\/*! elementor - v3.12.2 - 23-04-2023 *\/\n.elementor-widget-image{text-align:center}.elementor-widget-image a{display:inline-block}.elementor-widget-image a img[src$=\".svg\"]{width:48px}.elementor-widget-image img{vertical-align:middle;display:inline-block}<\/style>\t\t\t\t<div class=\"elementor-image\">\n\t\t\t\t\t\t\t\t\t\t\t\t\t\t\t\t\t\t\t\t\t<img width=\"792\" height=\"886\" src=\"https:\/\/rjmotors.lt\/wp-content\/uploads\/2021\/04\/iStock-1196962228.jpg\" class=\"attachment-full size-full wp-image-2091\" alt=\"\" decoding=\"async\" loading=\"lazy\" srcset=\"https:\/\/rjmotors.lt\/wp-content\/uploads\/2021\/04\/iStock-1196962228.jpg 792w, https:\/\/rjmotors.lt\/wp-content\/uploads\/2021\/04\/iStock-1196962228-315x352.jpg 315w, https:\/\/rjmotors.lt\/wp-content\/uploads\/2021\/04\/iStock-1196962228-630x705.jpg 630w, https:\/\/rjmotors.lt\/wp-content\/uploads\/2021\/04\/iStock-1196962228-268x300.jpg 268w, https:\/\/rjmotors.lt\/wp-content\/uploads\/2021\/04\/iStock-1196962228-768x859.jpg 768w\" sizes=\"(max-width: 792px) 100vw, 792px\" \/>\t\t\t\t\t\t\t\t\t\t\t\t\t\t\t\t\t\t\t\t\t\t\t\t<\/div>\n\t\t\t\t\t\t<\/div>\n\t\t\t\t<\/div>\n\t\t\t\t\t<\/div>\n\t\t<\/div>\n\t\t\t\t<div class=\"elementor-column elementor-col-33 elementor-top-column elementor-element elementor-element-866c8c8\" data-id=\"866c8c8\" data-element_type=\"column\" data-settings=\"{&quot;animation&quot;:&quot;none&quot;,&quot;animation_tablet&quot;:&quot;none&quot;,&quot;animation_mobile&quot;:&quot;none&quot;,&quot;animation_delay&quot;:400}\">\n\t\t\t<div class=\"elementor-widget-wrap elementor-element-populated\">\n\t\t\t\t\t\t\t\t<div class=\"vamtam-has-theme-widget-styles elementor-element elementor-element-272a21f elementor-widget elementor-widget-image\" data-id=\"272a21f\" data-element_type=\"widget\" data-settings=\"{&quot;_animation&quot;:&quot;none&quot;,&quot;_animation_tablet&quot;:&quot;none&quot;,&quot;_animation_mobile&quot;:&quot;none&quot;,&quot;_animation_delay&quot;:400}\" data-widget_type=\"image.default\">\n\t\t\t\t<div class=\"elementor-widget-container\">\n\t\t\t\t\t\t\t<div class=\"elementor-image\">\n\t\t\t\t\t\t\t\t\t\t\t\t\t\t\t\t\t\t\t\t\t<img width=\"792\" height=\"886\" src=\"https:\/\/rjmotors.lt\/wp-content\/uploads\/2021\/04\/iStock-494256646.jpg\" class=\"attachment-full size-full wp-image-2086\" alt=\"\" decoding=\"async\" loading=\"lazy\" srcset=\"https:\/\/rjmotors.lt\/wp-content\/uploads\/2021\/04\/iStock-494256646.jpg 792w, https:\/\/rjmotors.lt\/wp-content\/uploads\/2021\/04\/iStock-494256646-315x352.jpg 315w, https:\/\/rjmotors.lt\/wp-content\/uploads\/2021\/04\/iStock-494256646-630x705.jpg 630w, https:\/\/rjmotors.lt\/wp-content\/uploads\/2021\/04\/iStock-494256646-268x300.jpg 268w, https:\/\/rjmotors.lt\/wp-content\/uploads\/2021\/04\/iStock-494256646-768x859.jpg 768w\" sizes=\"(max-width: 792px) 100vw, 792px\" \/>\t\t\t\t\t\t\t\t\t\t\t\t\t\t\t\t\t\t\t\t\t\t\t\t<\/div>\n\t\t\t\t\t\t<\/div>\n\t\t\t\t<\/div>\n\t\t\t\t<div class=\"elementor-element elementor-element-8dd9f65 elementor-align-justify elementor-widget elementor-widget-button\" data-id=\"8dd9f65\" data-element_type=\"widget\" data-widget_type=\"button.default\">\n\t\t\t\t<div class=\"elementor-widget-container\">\n\t\t\t\t\t<div class=\"elementor-button-wrapper\">\n\t\t\t<a class=\"elementor-button elementor-size-md\" role=\"button\">\n\t\t\t\t\t\t<span class=\"elementor-button-content-wrapper\">\n\t\t\t\t\t\t\t<span class=\"elementor-button-icon elementor-align-icon-right\">\n\t\t\t\t<i aria-hidden=\"true\" class=\"vamtamtheme- vamtam-theme-arrow-left\"><\/i>\t\t\t<\/span>\n\t\t\t\t\t\t<span class=\"elementor-button-text\">Diagnostika<\/span>\n\t\t<\/span>\n\t\t\t\t\t<\/a>\n\t\t<\/div>\n\t\t\t\t<\/div>\n\t\t\t\t<\/div>\n\t\t\t\t\t<\/div>\n\t\t<\/div>\n\t\t\t\t<div class=\"elementor-column elementor-col-33 elementor-top-column elementor-element elementor-element-c4d1c9f\" data-id=\"c4d1c9f\" data-element_type=\"column\" data-settings=\"{&quot;animation&quot;:&quot;none&quot;,&quot;animation_tablet&quot;:&quot;none&quot;,&quot;animation_mobile&quot;:&quot;none&quot;,&quot;animation_delay&quot;:600}\">\n\t\t\t<div class=\"elementor-widget-wrap elementor-element-populated\">\n\t\t\t\t\t\t\t\t<div class=\"elementor-element elementor-element-82d45de elementor-align-justify elementor-widget elementor-widget-button\" data-id=\"82d45de\" data-element_type=\"widget\" data-widget_type=\"button.default\">\n\t\t\t\t<div class=\"elementor-widget-container\">\n\t\t\t\t\t<div class=\"elementor-button-wrapper\">\n\t\t\t<a class=\"elementor-button elementor-size-md\" role=\"button\">\n\t\t\t\t\t\t<span class=\"elementor-button-content-wrapper\">\n\t\t\t\t\t\t\t<span class=\"elementor-button-icon elementor-align-icon-right\">\n\t\t\t\t<i aria-hidden=\"true\" class=\"vamtamtheme- vamtam-theme-arrow-left\"><\/i>\t\t\t<\/span>\n\t\t\t\t\t\t<span class=\"elementor-button-text\">Variklio remontas<\/span>\n\t\t<\/span>\n\t\t\t\t\t<\/a>\n\t\t<\/div>\n\t\t\t\t<\/div>\n\t\t\t\t<\/div>\n\t\t\t\t<div class=\"vamtam-has-theme-widget-styles elementor-element elementor-element-aad6eb4 elementor-hidden-phone elementor-widget elementor-widget-image\" data-id=\"aad6eb4\" data-element_type=\"widget\" data-widget_type=\"image.default\">\n\t\t\t\t<div class=\"elementor-widget-container\">\n\t\t\t\t\t\t\t<div class=\"elementor-image\">\n\t\t\t\t\t\t\t\t\t\t\t\t\t\t\t\t\t\t\t\t\t<img width=\"792\" height=\"886\" src=\"https:\/\/rjmotors.lt\/wp-content\/uploads\/2021\/04\/iStock-1186701226.jpg\" class=\"attachment-full size-full wp-image-2090\" alt=\"\" decoding=\"async\" loading=\"lazy\" srcset=\"https:\/\/rjmotors.lt\/wp-content\/uploads\/2021\/04\/iStock-1186701226.jpg 792w, https:\/\/rjmotors.lt\/wp-content\/uploads\/2021\/04\/iStock-1186701226-315x352.jpg 315w, https:\/\/rjmotors.lt\/wp-content\/uploads\/2021\/04\/iStock-1186701226-630x705.jpg 630w, https:\/\/rjmotors.lt\/wp-content\/uploads\/2021\/04\/iStock-1186701226-268x300.jpg 268w, https:\/\/rjmotors.lt\/wp-content\/uploads\/2021\/04\/iStock-1186701226-768x859.jpg 768w\" sizes=\"(max-width: 792px) 100vw, 792px\" \/>\t\t\t\t\t\t\t\t\t\t\t\t\t\t\t\t\t\t\t\t\t\t\t\t<\/div>\n\t\t\t\t\t\t<\/div>\n\t\t\t\t<\/div>\n\t\t\t\t\t<\/div>\n\t\t<\/div>\n\t\t\t\t\t\t\t<\/div>\n\t\t<\/section>\n\t\t\t\t<section class=\"elementor-section elementor-top-section elementor-element elementor-element-f670b97 elementor-section-boxed elementor-section-height-default elementor-section-height-default\" data-id=\"f670b97\" data-element_type=\"section\">\n\t\t\t\t\t\t<div class=\"elementor-container elementor-column-gap-no\">\n\t\t\t\t\t<div class=\"elementor-column elementor-col-33 elementor-top-column elementor-element elementor-element-7ff52b3\" data-id=\"7ff52b3\" data-element_type=\"column\" data-settings=\"{&quot;animation&quot;:&quot;none&quot;,&quot;animation_tablet&quot;:&quot;none&quot;,&quot;animation_mobile&quot;:&quot;none&quot;,&quot;animation_delay&quot;:200}\">\n\t\t\t<div class=\"elementor-widget-wrap elementor-element-populated\">\n\t\t\t\t\t\t\t\t<div class=\"elementor-element elementor-element-fcbff2e elementor-align-justify elementor-mobile-align-justify elementor-widget elementor-widget-button\" data-id=\"fcbff2e\" data-element_type=\"widget\" data-settings=\"{&quot;_animation&quot;:&quot;none&quot;}\" data-widget_type=\"button.default\">\n\t\t\t\t<div class=\"elementor-widget-container\">\n\t\t\t\t\t<div class=\"elementor-button-wrapper\">\n\t\t\t<a class=\"elementor-button elementor-size-md\" role=\"button\">\n\t\t\t\t\t\t<span class=\"elementor-button-content-wrapper\">\n\t\t\t\t\t\t\t<span class=\"elementor-button-icon elementor-align-icon-right\">\n\t\t\t\t<i aria-hidden=\"true\" class=\"vamtamtheme- vamtam-theme-arrow-left\"><\/i>\t\t\t<\/span>\n\t\t\t\t\t\t<span class=\"elementor-button-text\">Padang\u0173 montavimas<\/span>\n\t\t<\/span>\n\t\t\t\t\t<\/a>\n\t\t<\/div>\n\t\t\t\t<\/div>\n\t\t\t\t<\/div>\n\t\t\t\t<div class=\"vamtam-has-theme-widget-styles elementor-element elementor-element-b6e4895 elementor-hidden-phone elementor-widget elementor-widget-image\" data-id=\"b6e4895\" data-element_type=\"widget\" data-widget_type=\"image.default\">\n\t\t\t\t<div class=\"elementor-widget-container\">\n\t\t\t\t\t\t\t<div class=\"elementor-image\">\n\t\t\t\t\t\t\t\t\t\t\t\t\t\t\t\t\t\t\t\t\t<img width=\"790\" height=\"840\" src=\"https:\/\/rjmotors.lt\/wp-content\/uploads\/2021\/04\/iStock-173776642-1.jpg\" class=\"attachment-full size-full wp-image-6172\" alt=\"\" decoding=\"async\" loading=\"lazy\" srcset=\"https:\/\/rjmotors.lt\/wp-content\/uploads\/2021\/04\/iStock-173776642-1.jpg 790w, https:\/\/rjmotors.lt\/wp-content\/uploads\/2021\/04\/iStock-173776642-1-315x335.jpg 315w, https:\/\/rjmotors.lt\/wp-content\/uploads\/2021\/04\/iStock-173776642-1-630x670.jpg 630w, https:\/\/rjmotors.lt\/wp-content\/uploads\/2021\/04\/iStock-173776642-1-282x300.jpg 282w, https:\/\/rjmotors.lt\/wp-content\/uploads\/2021\/04\/iStock-173776642-1-768x817.jpg 768w\" sizes=\"(max-width: 790px) 100vw, 790px\" \/>\t\t\t\t\t\t\t\t\t\t\t\t\t\t\t\t\t\t\t\t\t\t\t\t<\/div>\n\t\t\t\t\t\t<\/div>\n\t\t\t\t<\/div>\n\t\t\t\t\t<\/div>\n\t\t<\/div>\n\t\t\t\t<div class=\"elementor-column elementor-col-33 elementor-top-column elementor-element elementor-element-d8a1431\" data-id=\"d8a1431\" data-element_type=\"column\" data-settings=\"{&quot;animation&quot;:&quot;none&quot;,&quot;animation_tablet&quot;:&quot;none&quot;,&quot;animation_mobile&quot;:&quot;none&quot;,&quot;animation_delay&quot;:400}\">\n\t\t\t<div class=\"elementor-widget-wrap elementor-element-populated\">\n\t\t\t\t\t\t\t\t<div class=\"vamtam-has-theme-widget-styles elementor-element elementor-element-09c656c elementor-widget elementor-widget-image\" data-id=\"09c656c\" data-element_type=\"widget\" data-settings=\"{&quot;_animation&quot;:&quot;none&quot;,&quot;_animation_tablet&quot;:&quot;none&quot;,&quot;_animation_mobile&quot;:&quot;none&quot;,&quot;_animation_delay&quot;:400}\" data-widget_type=\"image.default\">\n\t\t\t\t<div class=\"elementor-widget-container\">\n\t\t\t\t\t\t\t<div class=\"elementor-image\">\n\t\t\t\t\t\t\t\t\t\t\t\t\t\t\t\t\t\t\t\t\t<img width=\"790\" height=\"840\" src=\"https:\/\/rjmotors.lt\/wp-content\/uploads\/2021\/04\/iStock-841965028.jpg\" class=\"attachment-full size-full wp-image-6176\" alt=\"\" decoding=\"async\" loading=\"lazy\" srcset=\"https:\/\/rjmotors.lt\/wp-content\/uploads\/2021\/04\/iStock-841965028.jpg 790w, https:\/\/rjmotors.lt\/wp-content\/uploads\/2021\/04\/iStock-841965028-315x335.jpg 315w, https:\/\/rjmotors.lt\/wp-content\/uploads\/2021\/04\/iStock-841965028-630x670.jpg 630w, https:\/\/rjmotors.lt\/wp-content\/uploads\/2021\/04\/iStock-841965028-282x300.jpg 282w, https:\/\/rjmotors.lt\/wp-content\/uploads\/2021\/04\/iStock-841965028-768x817.jpg 768w\" sizes=\"(max-width: 790px) 100vw, 790px\" \/>\t\t\t\t\t\t\t\t\t\t\t\t\t\t\t\t\t\t\t\t\t\t\t\t<\/div>\n\t\t\t\t\t\t<\/div>\n\t\t\t\t<\/div>\n\t\t\t\t<div class=\"elementor-element elementor-element-6596cd6 elementor-align-justify elementor-widget elementor-widget-button\" data-id=\"6596cd6\" data-element_type=\"widget\" data-widget_type=\"button.default\">\n\t\t\t\t<div class=\"elementor-widget-container\">\n\t\t\t\t\t<div class=\"elementor-button-wrapper\">\n\t\t\t<a class=\"elementor-button elementor-size-md\" role=\"button\">\n\t\t\t\t\t\t<span class=\"elementor-button-content-wrapper\">\n\t\t\t\t\t\t\t<span class=\"elementor-button-icon elementor-align-icon-right\">\n\t\t\t\t<i aria-hidden=\"true\" class=\"vamtamtheme- vamtam-theme-arrow-left\"><\/i>\t\t\t<\/span>\n\t\t\t\t\t\t<span class=\"elementor-button-text\">Va\u017eiuokl\u0117s remontas<\/span>\n\t\t<\/span>\n\t\t\t\t\t<\/a>\n\t\t<\/div>\n\t\t\t\t<\/div>\n\t\t\t\t<\/div>\n\t\t\t\t\t<\/div>\n\t\t<\/div>\n\t\t\t\t<div class=\"elementor-column elementor-col-33 elementor-top-column elementor-element elementor-element-5b6cc2f\" data-id=\"5b6cc2f\" data-element_type=\"column\" data-settings=\"{&quot;animation&quot;:&quot;none&quot;,&quot;animation_tablet&quot;:&quot;none&quot;,&quot;animation_mobile&quot;:&quot;none&quot;,&quot;animation_delay&quot;:600}\">\n\t\t\t<div class=\"elementor-widget-wrap elementor-element-populated\">\n\t\t\t\t\t\t\t\t<div class=\"elementor-element elementor-element-c7a497b elementor-align-justify elementor-widget elementor-widget-button\" data-id=\"c7a497b\" data-element_type=\"widget\" data-widget_type=\"button.default\">\n\t\t\t\t<div class=\"elementor-widget-container\">\n\t\t\t\t\t<div class=\"elementor-button-wrapper\">\n\t\t\t<a class=\"elementor-button elementor-size-md\" role=\"button\">\n\t\t\t\t\t\t<span class=\"elementor-button-content-wrapper\">\n\t\t\t\t\t\t\t<span class=\"elementor-button-icon elementor-align-icon-right\">\n\t\t\t\t<i aria-hidden=\"true\" class=\"vamtamtheme- vamtam-theme-arrow-left\"><\/i>\t\t\t<\/span>\n\t\t\t\t\t\t<span class=\"elementor-button-text\">Pagalba kelyje<\/span>\n\t\t<\/span>\n\t\t\t\t\t<\/a>\n\t\t<\/div>\n\t\t\t\t<\/div>\n\t\t\t\t<\/div>\n\t\t\t\t<div class=\"vamtam-has-theme-widget-styles elementor-element elementor-element-f7ec237 elementor-hidden-phone elementor-widget elementor-widget-image\" data-id=\"f7ec237\" data-element_type=\"widget\" data-widget_type=\"image.default\">\n\t\t\t\t<div class=\"elementor-widget-container\">\n\t\t\t\t\t\t\t<div class=\"elementor-image\">\n\t\t\t\t\t\t\t\t\t\t\t\t\t\t\t\t\t\t\t\t\t<img width=\"790\" height=\"840\" src=\"https:\/\/rjmotors.lt\/wp-content\/uploads\/2021\/04\/kumpan-electric-6Ebpwylytk4-unsplash.jpg\" class=\"attachment-full size-full wp-image-6177\" alt=\"\" decoding=\"async\" loading=\"lazy\" srcset=\"https:\/\/rjmotors.lt\/wp-content\/uploads\/2021\/04\/kumpan-electric-6Ebpwylytk4-unsplash.jpg 790w, https:\/\/rjmotors.lt\/wp-content\/uploads\/2021\/04\/kumpan-electric-6Ebpwylytk4-unsplash-315x335.jpg 315w, https:\/\/rjmotors.lt\/wp-content\/uploads\/2021\/04\/kumpan-electric-6Ebpwylytk4-unsplash-630x670.jpg 630w, https:\/\/rjmotors.lt\/wp-content\/uploads\/2021\/04\/kumpan-electric-6Ebpwylytk4-unsplash-282x300.jpg 282w, https:\/\/rjmotors.lt\/wp-content\/uploads\/2021\/04\/kumpan-electric-6Ebpwylytk4-unsplash-768x817.jpg 768w\" sizes=\"(max-width: 790px) 100vw, 790px\" \/>\t\t\t\t\t\t\t\t\t\t\t\t\t\t\t\t\t\t\t\t\t\t\t\t<\/div>\n\t\t\t\t\t\t<\/div>\n\t\t\t\t<\/div>\n\t\t\t\t\t<\/div>\n\t\t<\/div>\n\t\t\t\t\t\t\t<\/div>\n\t\t<\/section>\n\t\t\t\t\t\t\t<\/div>\n\t\t","protected":false},"excerpt":{"rendered":"<p>J\u016bs\u0173 automobilis mums &#8211; svarbiausias prioritetas! Mes suprantame, kaip svarbu rasti tinkam\u0105 automobili\u0173 servis\u0105. Remontuojant ir pri\u017ei\u016brint automobil\u012f, da\u017enai i\u0161kyla dideli\u0173 i\u0161laid\u0173, ir niekas nenori mok\u0117ti u\u017e klaidas, padarytas d\u0117l prastos remonto kokyb\u0117s. Pasirinkdami m\u016bs\u0173 autoservis\u0105, galite b\u016bti tikri, kad m\u016bs\u0173 personalas sudarytas i\u0161 specialist\u0173, kurie visapusi\u0161kai r\u016bpinsis j\u016bs\u0173 automobilio prie\u017ei\u016bra ir remontu, kad jis&#8230;<\/p>\n","protected":false},"author":1,"featured_media":0,"parent":0,"menu_order":0,"comment_status":"closed","ping_status":"closed","template":"","meta":[],"_links":{"self":[{"href":"https:\/\/rjmotors.lt\/index.php\/wp-json\/wp\/v2\/pages\/1768"}],"collection":[{"href":"https:\/\/rjmotors.lt\/index.php\/wp-json\/wp\/v2\/pages"}],"about":[{"href":"https:\/\/rjmotors.lt\/index.php\/wp-json\/wp\/v2\/types\/page"}],"author":[{"embeddable":true,"href":"https:\/\/rjmotors.lt\/index.php\/wp-json\/wp\/v2\/users\/1"}],"replies":[{"embeddable":true,"href":"https:\/\/rjmotors.lt\/index.php\/wp-json\/wp\/v2\/comments?post=1768"}],"version-history":[{"count":12,"href":"https:\/\/rjmotors.lt\/index.php\/wp-json\/wp\/v2\/pages\/1768\/revisions"}],"predecessor-version":[{"id":987734,"href":"https:\/\/rjmotors.lt\/index.php\/wp-json\/wp\/v2\/pages\/1768\/revisions\/987734"}],"wp:attachment":[{"href":"https:\/\/rjmotors.lt\/index.php\/wp-json\/wp\/v2\/media?parent=1768"}],"curies":[{"name":"wp","href":"https:\/\/api.w.org\/{rel}","templated":true}]}}